{"id":5987,"date":"2019-08-22T12:03:41","date_gmt":"2019-08-22T12:03:41","guid":{"rendered":"http:\/\/kultaliikerantanen.fi\/?post_type=product&#038;p=5987"},"modified":"2021-04-05T08:08:39","modified_gmt":"2021-04-05T08:08:39","slug":"3137243","status":"publish","type":"product","link":"http:\/\/kultaliikerantanen.fi\/?product=3137243","title":{"rendered":"3137243"},"content":{"rendered":"<p>3137243, 5137243, 3137242, 5137242, 3137244, 5137244, 3137245, 5137245, 3137246, 5137246<br \/>\n2,5MM KIVI 4MM SYD\u00c4N LANKA 13MM, 2,5MM KIVI 5MM SYD\u00c4N LANKA 13MM,<br \/>\n2,5MM KIVI 4MM T\u00c4HTI LANKA 13MM, 2,5MM KIVI 5MM T\u00c4HTI LANKA 13MM,<br \/>\n2,5MM KIVI 5MM KOLMIO LANKA 13MM<\/p>\n","protected":false},"excerpt":{"rendered":"<p>3137243, 5137243, 3137242, 5137242, 3137244, 5137244, 3137245, 5137245, 3137246, 5137246 2,5MM KIVI 4MM SYD\u00c4N LANKA 13MM, 2,5MM KIVI 5MM SYD\u00c4N LANKA 13MM, 2,5MM KIVI 4MM T\u00c4HTI LANKA 13MM, 2,5MM KIVI 5MM T\u00c4HTI LANKA 13MM, 2,5MM KIVI 5MM KOLMIO LANKA 13MM<\/p>\n","protected":false},"featured_media":5916,"template":"","meta":[],"_links":{"self":[{"href":"http:\/\/kultaliikerantanen.fi\/index.php?rest_route=\/wp\/v2\/product\/5987"}],"collection":[{"href":"http:\/\/kultaliikerantanen.fi\/index.php?rest_route=\/wp\/v2\/product"}],"about":[{"href":"http:\/\/kultaliikerantanen.fi\/index.php?rest_route=\/wp\/v2\/types\/product"}],"wp:featuredmedia":[{"embeddable":true,"href":"http:\/\/kultaliikerantanen.fi\/index.php?rest_route=\/wp\/v2\/media\/5916"}],"wp:attachment":[{"href":"http:\/\/kultaliikerantanen.fi\/index.php?rest_route=%2Fwp%2Fv2%2Fmedia&parent=5987"}],"curies":[{"name":"wp","href":"https:\/\/api.w.org\/{rel}","templated":true}]}}