{"id":5972,"date":"2019-08-22T12:30:21","date_gmt":"2019-08-22T12:30:21","guid":{"rendered":"http:\/\/kultaliikerantanen.fi\/?post_type=product&#038;p=5972"},"modified":"2021-04-21T15:24:09","modified_gmt":"2021-04-21T15:24:09","slug":"3134255","status":"publish","type":"product","link":"http:\/\/kultaliikerantanen.fi\/?product=3134255","title":{"rendered":"3134255"},"content":{"rendered":"<p>3134255, 5134255<br \/>\nHEVOSENP\u00c4\u00c4 SYD\u00c4N 8MM LK<br \/>\nHevonen, Hevoset, Ratsastaminen, Ratsastus, El\u00e4in, El\u00e4imet<\/p>\n","protected":false},"excerpt":{"rendered":"<p>3134255, 5134255 HEVOSENP\u00c4\u00c4 SYD\u00c4N 8MM LK Hevonen, Hevoset, Ratsastaminen, Ratsastus, El\u00e4in, El\u00e4imet<\/p>\n","protected":false},"featured_media":1607,"template":"","meta":[],"_links":{"self":[{"href":"http:\/\/kultaliikerantanen.fi\/index.php?rest_route=\/wp\/v2\/product\/5972"}],"collection":[{"href":"http:\/\/kultaliikerantanen.fi\/index.php?rest_route=\/wp\/v2\/product"}],"about":[{"href":"http:\/\/kultaliikerantanen.fi\/index.php?rest_route=\/wp\/v2\/types\/product"}],"wp:featuredmedia":[{"embeddable":true,"href":"http:\/\/kultaliikerantanen.fi\/index.php?rest_route=\/wp\/v2\/media\/1607"}],"wp:attachment":[{"href":"http:\/\/kultaliikerantanen.fi\/index.php?rest_route=%2Fwp%2Fv2%2Fmedia&parent=5972"}],"curies":[{"name":"wp","href":"https:\/\/api.w.org\/{rel}","templated":true}]}}