{"id":5276,"date":"2017-11-10T14:59:00","date_gmt":"2017-11-10T14:59:00","guid":{"rendered":"http:\/\/kultaliikerantanen.fi\/?post_type=product&#038;p=5276"},"modified":"2021-04-09T13:26:01","modified_gmt":"2021-04-09T13:26:01","slug":"5118741","status":"publish","type":"product","link":"http:\/\/kultaliikerantanen.fi\/?product=5118741","title":{"rendered":"5118741"},"content":{"rendered":"<p>20MM PY\u00d6RE\u00c4 LAATTA 5MM SYD\u00c4N<\/p>\n","protected":false},"excerpt":{"rendered":"<p>20MM PY\u00d6RE\u00c4 LAATTA 5MM SYD\u00c4N<\/p>\n","protected":false},"featured_media":5259,"template":"","meta":[],"_links":{"self":[{"href":"http:\/\/kultaliikerantanen.fi\/index.php?rest_route=\/wp\/v2\/product\/5276"}],"collection":[{"href":"http:\/\/kultaliikerantanen.fi\/index.php?rest_route=\/wp\/v2\/product"}],"about":[{"href":"http:\/\/kultaliikerantanen.fi\/index.php?rest_route=\/wp\/v2\/types\/product"}],"wp:featuredmedia":[{"embeddable":true,"href":"http:\/\/kultaliikerantanen.fi\/index.php?rest_route=\/wp\/v2\/media\/5259"}],"wp:attachment":[{"href":"http:\/\/kultaliikerantanen.fi\/index.php?rest_route=%2Fwp%2Fv2%2Fmedia&parent=5276"}],"curies":[{"name":"wp","href":"https:\/\/api.w.org\/{rel}","templated":true}]}}