{"id":5096,"date":"2017-09-21T16:29:58","date_gmt":"2017-09-21T16:29:58","guid":{"rendered":"http:\/\/kultaliikerantanen.fi\/?post_type=product&#038;p=5096"},"modified":"2021-04-20T11:25:48","modified_gmt":"2021-04-20T11:25:48","slug":"3118611","status":"publish","type":"product","link":"http:\/\/kultaliikerantanen.fi\/?product=3118611","title":{"rendered":"3118611"},"content":{"rendered":"<p>3118611, 5118611<br \/>\nPERHONEN 7MM<br \/>\n\u00d6t\u00f6kk\u00e4, \u00d6t\u00f6k\u00e4t, Perhoset<\/p>\n","protected":false},"excerpt":{"rendered":"<p>3118611, 5118611 PERHONEN 7MM \u00d6t\u00f6kk\u00e4, \u00d6t\u00f6k\u00e4t, Perhoset<\/p>\n","protected":false},"featured_media":1196,"template":"","meta":[],"_links":{"self":[{"href":"http:\/\/kultaliikerantanen.fi\/index.php?rest_route=\/wp\/v2\/product\/5096"}],"collection":[{"href":"http:\/\/kultaliikerantanen.fi\/index.php?rest_route=\/wp\/v2\/product"}],"about":[{"href":"http:\/\/kultaliikerantanen.fi\/index.php?rest_route=\/wp\/v2\/types\/product"}],"wp:featuredmedia":[{"embeddable":true,"href":"http:\/\/kultaliikerantanen.fi\/index.php?rest_route=\/wp\/v2\/media\/1196"}],"wp:attachment":[{"href":"http:\/\/kultaliikerantanen.fi\/index.php?rest_route=%2Fwp%2Fv2%2Fmedia&parent=5096"}],"curies":[{"name":"wp","href":"https:\/\/api.w.org\/{rel}","templated":true}]}}