{"id":5002,"date":"2017-09-21T15:42:07","date_gmt":"2017-09-21T15:42:07","guid":{"rendered":"http:\/\/kultaliikerantanen.fi\/?post_type=product&#038;p=5002"},"modified":"2021-04-20T09:56:24","modified_gmt":"2021-04-20T09:56:24","slug":"3118547","status":"publish","type":"product","link":"http:\/\/kultaliikerantanen.fi\/?product=3118547","title":{"rendered":"3118547"},"content":{"rendered":"<p>3118547, 5118547<br \/>\nKUUMEMITTARI 28MM<br \/>\nSairaala, Sairaanhoitaja, L\u00e4\u00e4k\u00e4ri<\/p>\n","protected":false},"excerpt":{"rendered":"<p>3118547, 5118547 KUUMEMITTARI 28MM Sairaala, Sairaanhoitaja, L\u00e4\u00e4k\u00e4ri<\/p>\n","protected":false},"featured_media":1161,"template":"","meta":[],"_links":{"self":[{"href":"http:\/\/kultaliikerantanen.fi\/index.php?rest_route=\/wp\/v2\/product\/5002"}],"collection":[{"href":"http:\/\/kultaliikerantanen.fi\/index.php?rest_route=\/wp\/v2\/product"}],"about":[{"href":"http:\/\/kultaliikerantanen.fi\/index.php?rest_route=\/wp\/v2\/types\/product"}],"wp:featuredmedia":[{"embeddable":true,"href":"http:\/\/kultaliikerantanen.fi\/index.php?rest_route=\/wp\/v2\/media\/1161"}],"wp:attachment":[{"href":"http:\/\/kultaliikerantanen.fi\/index.php?rest_route=%2Fwp%2Fv2%2Fmedia&parent=5002"}],"curies":[{"name":"wp","href":"https:\/\/api.w.org\/{rel}","templated":true}]}}