{"id":4688,"date":"2017-08-30T12:57:45","date_gmt":"2017-08-30T12:57:45","guid":{"rendered":"http:\/\/kultaliikerantanen.fi\/?post_type=product&#038;p=4688"},"modified":"2021-04-20T07:00:22","modified_gmt":"2021-04-20T07:00:22","slug":"3118211","status":"publish","type":"product","link":"http:\/\/kultaliikerantanen.fi\/?product=3118211","title":{"rendered":"3118211"},"content":{"rendered":"<p>3118211, 5118211<br \/>\nTEATTERINAAMIO 9MM<br \/>\nTaide, Esitys, N\u00e4yttely, N\u00e4ytelm\u00e4<\/p>\n","protected":false},"excerpt":{"rendered":"<p>3118211, 5118211 TEATTERINAAMIO 9MM Taide, Esitys, N\u00e4yttely, N\u00e4ytelm\u00e4<\/p>\n","protected":false},"featured_media":1052,"template":"","meta":[],"_links":{"self":[{"href":"http:\/\/kultaliikerantanen.fi\/index.php?rest_route=\/wp\/v2\/product\/4688"}],"collection":[{"href":"http:\/\/kultaliikerantanen.fi\/index.php?rest_route=\/wp\/v2\/product"}],"about":[{"href":"http:\/\/kultaliikerantanen.fi\/index.php?rest_route=\/wp\/v2\/types\/product"}],"wp:featuredmedia":[{"embeddable":true,"href":"http:\/\/kultaliikerantanen.fi\/index.php?rest_route=\/wp\/v2\/media\/1052"}],"wp:attachment":[{"href":"http:\/\/kultaliikerantanen.fi\/index.php?rest_route=%2Fwp%2Fv2%2Fmedia&parent=4688"}],"curies":[{"name":"wp","href":"https:\/\/api.w.org\/{rel}","templated":true}]}}