{"id":4633,"date":"2017-08-30T12:42:03","date_gmt":"2017-08-30T12:42:03","guid":{"rendered":"http:\/\/kultaliikerantanen.fi\/?post_type=product&#038;p=4633"},"modified":"2021-04-20T06:45:09","modified_gmt":"2021-04-20T06:45:09","slug":"3118173","status":"publish","type":"product","link":"http:\/\/kultaliikerantanen.fi\/?product=3118173","title":{"rendered":"3118173"},"content":{"rendered":"<p>3118173, 5118173<br \/>\nKIRVES 21MM<br \/>\nM\u00f6kki, Ty\u00f6kalu, Kes\u00e4<\/p>\n","protected":false},"excerpt":{"rendered":"<p>3118173, 5118173 KIRVES 21MM M\u00f6kki, Ty\u00f6kalu, Kes\u00e4<\/p>\n","protected":false},"featured_media":1033,"template":"","meta":[],"_links":{"self":[{"href":"http:\/\/kultaliikerantanen.fi\/index.php?rest_route=\/wp\/v2\/product\/4633"}],"collection":[{"href":"http:\/\/kultaliikerantanen.fi\/index.php?rest_route=\/wp\/v2\/product"}],"about":[{"href":"http:\/\/kultaliikerantanen.fi\/index.php?rest_route=\/wp\/v2\/types\/product"}],"wp:featuredmedia":[{"embeddable":true,"href":"http:\/\/kultaliikerantanen.fi\/index.php?rest_route=\/wp\/v2\/media\/1033"}],"wp:attachment":[{"href":"http:\/\/kultaliikerantanen.fi\/index.php?rest_route=%2Fwp%2Fv2%2Fmedia&parent=4633"}],"curies":[{"name":"wp","href":"https:\/\/api.w.org\/{rel}","templated":true}]}}