{"id":4537,"date":"2017-08-30T12:12:25","date_gmt":"2017-08-30T12:12:25","guid":{"rendered":"http:\/\/kultaliikerantanen.fi\/?post_type=product&#038;p=4537"},"modified":"2021-04-19T17:55:23","modified_gmt":"2021-04-19T17:55:23","slug":"3118111","status":"publish","type":"product","link":"http:\/\/kultaliikerantanen.fi\/?product=3118111","title":{"rendered":"3118111"},"content":{"rendered":"<p>3118111, 5118111<br \/>\nHEVOSENKENK\u00c4 12MM<br \/>\nRatsastus, Ratsastaminen, Hevonen, El\u00e4in, El\u00e4imet<\/p>\n","protected":false},"excerpt":{"rendered":"<p>3118111, 5118111 HEVOSENKENK\u00c4 12MM Ratsastus, Ratsastaminen, Hevonen, El\u00e4in, El\u00e4imet<\/p>\n","protected":false},"featured_media":1000,"template":"","meta":[],"_links":{"self":[{"href":"http:\/\/kultaliikerantanen.fi\/index.php?rest_route=\/wp\/v2\/product\/4537"}],"collection":[{"href":"http:\/\/kultaliikerantanen.fi\/index.php?rest_route=\/wp\/v2\/product"}],"about":[{"href":"http:\/\/kultaliikerantanen.fi\/index.php?rest_route=\/wp\/v2\/types\/product"}],"wp:featuredmedia":[{"embeddable":true,"href":"http:\/\/kultaliikerantanen.fi\/index.php?rest_route=\/wp\/v2\/media\/1000"}],"wp:attachment":[{"href":"http:\/\/kultaliikerantanen.fi\/index.php?rest_route=%2Fwp%2Fv2%2Fmedia&parent=4537"}],"curies":[{"name":"wp","href":"https:\/\/api.w.org\/{rel}","templated":true}]}}