{"id":4095,"date":"2017-07-17T19:20:26","date_gmt":"2017-07-17T19:20:26","guid":{"rendered":"http:\/\/kultaliikerantanen.fi\/?post_type=product&#038;p=4095"},"modified":"2021-04-19T16:49:31","modified_gmt":"2021-04-19T16:49:31","slug":"3117006","status":"publish","type":"product","link":"http:\/\/kultaliikerantanen.fi\/?product=3117006","title":{"rendered":"3117006"},"content":{"rendered":"<p>3117006, 3117007, 3117008, 5117006, 5117007, 5117008<br \/>\nPY\u00d6RE\u00c4 LAATTA 13MM ,PY\u00d6RE\u00c4 LAATTA 16MM, PY\u00d6RE\u00c4 LAATTA 19MM<\/p>\n","protected":false},"excerpt":{"rendered":"<p>3117006, 3117007, 3117008, 5117006, 5117007, 5117008 PY\u00d6RE\u00c4 LAATTA 13MM ,PY\u00d6RE\u00c4 LAATTA 16MM, PY\u00d6RE\u00c4 LAATTA 19MM<\/p>\n","protected":false},"featured_media":915,"template":"","meta":[],"_links":{"self":[{"href":"http:\/\/kultaliikerantanen.fi\/index.php?rest_route=\/wp\/v2\/product\/4095"}],"collection":[{"href":"http:\/\/kultaliikerantanen.fi\/index.php?rest_route=\/wp\/v2\/product"}],"about":[{"href":"http:\/\/kultaliikerantanen.fi\/index.php?rest_route=\/wp\/v2\/types\/product"}],"wp:featuredmedia":[{"embeddable":true,"href":"http:\/\/kultaliikerantanen.fi\/index.php?rest_route=\/wp\/v2\/media\/915"}],"wp:attachment":[{"href":"http:\/\/kultaliikerantanen.fi\/index.php?rest_route=%2Fwp%2Fv2%2Fmedia&parent=4095"}],"curies":[{"name":"wp","href":"https:\/\/api.w.org\/{rel}","templated":true}]}}