{"id":3722,"date":"2017-07-10T18:42:12","date_gmt":"2017-07-10T18:42:12","guid":{"rendered":"http:\/\/kultaliikerantanen.fi\/?post_type=product&#038;p=3722"},"modified":"2021-04-08T10:00:31","modified_gmt":"2021-04-08T10:00:31","slug":"3138434","status":"publish","type":"product","link":"http:\/\/kultaliikerantanen.fi\/?product=3138434","title":{"rendered":"3138434"},"content":{"rendered":"<p>3138434, 3138435, 3138436, 5138434, 5138435, 5138436<br \/>\n4,5MM SYD\u00c4N KOVERA, 7,5MM SYD\u00c4N KOVERA, 10MM SYD\u00c4N KOVERA<\/p>\n","protected":false},"excerpt":{"rendered":"<p>3138434, 3138435, 3138436, 5138434, 5138435, 5138436 4,5MM SYD\u00c4N KOVERA, 7,5MM SYD\u00c4N KOVERA, 10MM SYD\u00c4N KOVERA<\/p>\n","protected":false},"featured_media":694,"template":"","meta":[],"_links":{"self":[{"href":"http:\/\/kultaliikerantanen.fi\/index.php?rest_route=\/wp\/v2\/product\/3722"}],"collection":[{"href":"http:\/\/kultaliikerantanen.fi\/index.php?rest_route=\/wp\/v2\/product"}],"about":[{"href":"http:\/\/kultaliikerantanen.fi\/index.php?rest_route=\/wp\/v2\/types\/product"}],"wp:featuredmedia":[{"embeddable":true,"href":"http:\/\/kultaliikerantanen.fi\/index.php?rest_route=\/wp\/v2\/media\/694"}],"wp:attachment":[{"href":"http:\/\/kultaliikerantanen.fi\/index.php?rest_route=%2Fwp%2Fv2%2Fmedia&parent=3722"}],"curies":[{"name":"wp","href":"https:\/\/api.w.org\/{rel}","templated":true}]}}