{"id":2107,"date":"2017-06-12T18:38:29","date_gmt":"2017-06-12T18:38:29","guid":{"rendered":"http:\/\/kultaliikerantanen.fi\/?post_type=product&#038;p=2107"},"modified":"2021-04-21T10:04:53","modified_gmt":"2021-04-21T10:04:53","slug":"3133354","status":"publish","type":"product","link":"http:\/\/kultaliikerantanen.fi\/?product=3133354","title":{"rendered":"3133354"},"content":{"rendered":"<p>3133354, 3133355, 3133356, 5133354, 5133355, 5133356<br \/>\n5,5 MM KIVIKRUUNU ISOKOUKKU PR\u00c4S, 6,5 MM KIVIKRUUNU ISOKOUKKU PR\u00c4S, 7,5 MM KIVIKRUUNU ISOKOUKKU PR\u00c4S<\/p>\n","protected":false},"excerpt":{"rendered":"<p>3133354, 3133355, 3133356, 5133354, 5133355, 5133356 5,5 MM KIVIKRUUNU ISOKOUKKU PR\u00c4S, 6,5 MM KIVIKRUUNU ISOKOUKKU PR\u00c4S, 7,5 MM KIVIKRUUNU ISOKOUKKU PR\u00c4S<\/p>\n","protected":false},"featured_media":234,"template":"","meta":[],"_links":{"self":[{"href":"http:\/\/kultaliikerantanen.fi\/index.php?rest_route=\/wp\/v2\/product\/2107"}],"collection":[{"href":"http:\/\/kultaliikerantanen.fi\/index.php?rest_route=\/wp\/v2\/product"}],"about":[{"href":"http:\/\/kultaliikerantanen.fi\/index.php?rest_route=\/wp\/v2\/types\/product"}],"wp:featuredmedia":[{"embeddable":true,"href":"http:\/\/kultaliikerantanen.fi\/index.php?rest_route=\/wp\/v2\/media\/234"}],"wp:attachment":[{"href":"http:\/\/kultaliikerantanen.fi\/index.php?rest_route=%2Fwp%2Fv2%2Fmedia&parent=2107"}],"curies":[{"name":"wp","href":"https:\/\/api.w.org\/{rel}","templated":true}]}}